/6 - 5*o**2 + 2*o. Let j = 0 + 0. List the prime factors of h(j).
23
Suppose 10*d + 29 = -371. What are the prime factors of d/(-12)*(-288)/(-15)?
2
Suppose 1180 = 3*o - 1511. List the prime factors of o.
3, 13, 23
Let k = -364 - -718. Let s = k + -200. What are the prime factors of s?
2, 7, 11
Suppose 5*s - 5*b = 920, -2*s + 5*b + 353 = 6*b. List the prime factors of s.
179
Let h be (-2)/(-17) + 160/85. Suppose -h*p - 3*g = -3, 7*p + 3*g - 6 = 4*p. Suppose 0 = b + 5*w - 20, 0 = 3*w - 0*w - p. List the prime factors of b.
3, 5
Let i = 811 - 624. List the prime factors of i.
11, 17
Let w(u) be the second derivative of 1/6*u**4 + 1/6*u**3 + 1/20*u**5 + 0 + u - 1/2*u**2. What are the prime factors of w(2)?
17
Suppose -10 = 7*o - 12*o. What are the prime factors of (2 - (o - 2)) + (-4 - -5)?
3
Let w(u) = 7*u - 23. Let x(q) = q + 15. Let d = -47 + 41. Let i be x(d). List the prime factors of w(i).
2, 5
Suppose x = 2*x - 4. Suppose x*n = 187 + 165. List the prime factors of n.
2, 11
Let d = -14 - -24. Let z = 100 - d. List the prime factors of z.
2, 3, 5
Suppose -2*c - 4*p + 1754 = -0*p, 4*c = -2*p + 3532. What are the prime factors of c?
3, 5, 59
Suppose 0 = 4*f - 2*t + 74, f + 83 = -2*f - 4*t. Let y = f - -27. List the prime factors of y.
2, 3
Let k be 1 + -2 - (0 + -7) - 0. Suppose 0 = -2*g - 2*h - 2*h + 130, 0 = -2*h + k. List the prime factors of g.
59
Let t = 110 - 48. Suppose -3*c + y - 9 + 61 = 0, 4*c - t = 5*y. What are the prime factors of c?
2, 3
Let o(i) = -2*i + 13. Let l be o(-18). Let d = -11 + l. What are the prime factors of d?
2, 19
Suppose 0 = 14*p - 633 - 3777. What are the prime factors of p?
3, 5, 7
What are the prime factors of 10/120 + (-147057)/(-36)?
5, 19, 43
Let n(g) = -4589*g**3 - g**2 + 20*g + 19. What are the prime factors of n(-1)?
3, 11, 139
Let i = -1146 + 3579. What are the prime factors of i?
3, 811
Suppose -5*j + 3*n = -j - 156, 4*j - 136 = -2*n. Suppose -8*k + j = -2*k. What are the prime factors of k?
2, 3
Let b be (72/28)/((-6)/(-28)). Let l = 16 - b. Suppose -90 = -l*r - r. What are the prime factors of r?
2, 3
Suppose -2*s - 5*w - 131 = -5*s, -4*w = 3*s - 149. Let y = s + 43. Suppose 0 = 5*l - y + 15. What are the prime factors of l?
3, 5
Let x(r) = -66 - 9*r + 60 + 49*r. What are the prime factors of x(1)?
2, 17
Let d = -114 - -221. List the prime factors of d.
107
List the prime factors of (-154180)/(-117) - (-4)/18.
2, 659
Let r(n) = n**3 + 8*n**2 + 8*n + 9. Let l be r(-7). Suppose l*p - 239 = -v, -2*v + 3*p + 224 = -v. List the prime factors of v.
233
Suppose -1148 = -7*g + 1281. List the prime factors of g.
347
Let t(y) = y**3 + 3*y**2 + 8. Let v be t(-4). What are the prime factors of (196/v)/(2/(-4))?
7
Let a(n) = -91*n + 29. What are the prime factors of a(-11)?
2, 5, 103
Let g(z) = -14*z - 11*z + 19*z + z**2 - 6. List the prime factors of g(-5).
7
Let h(q) = -q + 5. Let c be h(-3). Suppose 16 + c = l. List the prime factors of l.
2, 3
Suppose w + 42 = 8*w. Let g be 42/7*(-4)/w. List the prime factors of 4 - (g/(-4) - 24).
3
Suppose 23 = 4*b - 5*c, 0*b + 5*c = -3*b - 9. Suppose s + 9 = 5*g, -b*g + 7*g - 21 = -s. What are the prime factors of 10/(3/(-3 + s))?
2, 5
Let l(c) = -7*c + 4. Let p be (5 - 23)*(1 - 3). Suppose 5*g - 2*m = -0*g - p, -3*m = 2*g + 3. What are the prime factors of l(g)?
2, 23
Let h = 495 + 949. What are the prime factors of h?
2, 19
Let n = 67 + -65. Suppose z - 4*z + 127 = -y, 4*y + 88 = n*z. List the prime factors of z.
2, 3, 7
Let b = -106 + 1198. List the prime factors of b.
2, 3, 7, 13
Suppose 2*i = -3*i - 25, -4*i = 2*u - 1588. Let z = u - 497. What are the prime factors of z?
307
Let n be 1/(-6) + (-3475)/30. What are the prime factors of -3 - ((1 - -1) + n)?
3, 37
Let c = 80 + -75. Let a = -24 + 66. Suppose c*i - a = 3*i. List the prime factors of i.
3, 7
Let d = 71 - 75. Let i = d - -13. List the prime factors of i.
3
Suppose g + 2*l = 0, g - 2*l + 40 = -3*g. List the prime factors of 4*(-2 + 1)*g.
2
Let v = -13 - -34. Let r = v - 18. Suppose -8*w + 250 = -r*w. List the prime factors of w.
2, 5
Suppose -4*b - 5*h = 2, 3*h = 2*h - 2. Suppose 0 = -5*o - 10, 0 = -l - 0*l - b*o + 46. List the prime factors of l.
2, 5
Suppose -2*o + 481 + 129 = 0. List the prime factors of o.
5, 61
Suppose -k + 6 = -0. Suppose -k*l = -4*l. Suppose 27 = 3*r + 3*d, -d = 2*r - l*r - 20. List the prime factors of r.
11
Let y(t) = -t**3 - 5*t**2 - 8*t - 32. What are the prime factors of y(-9)?
2, 7, 13
Suppose 4*g - 8*g = 0. Let l(o) = o**2 + o + 24. Let p(n) = 2*n**2 + 2*n + 49. Let f(h) = -5*l(h) + 3*p(h). List the prime factors of f(g).
3
What are the prime factors of (93 + 22)*(0 - -1)*5?
5, 23
Let v be (-1 + 13)/4 + -1. Let c be (v - 1)*(-20)/(-4). Suppose i - c = 9. List the prime factors of i.
2, 7
Suppose -200*n - 2129 = -201*n. List the prime factors of n.
2129
Suppose -33*z - 18*z + 92157 = 0. What are the prime factors of z?
13, 139
Suppose -5*g = 5*p - 45, -3*p = 4*g - 5*p - 24. Let m(s) = s**2 - 7*s + 4. Let o be m(g). Suppose -3*a + 86 + o = 0. What are the prime factors of a?
2, 3, 5
Let s(y) = -y**3 - 9*y**2 - 8*y + 57. What are the prime factors of s(-7)?
3, 5
Suppose -2*u + 0*u + 3*x = 0, u = -2*x. Let q = u + 2. Suppose -4*w - 11 = -q*z - 3*w, -4*z + 3*w + 19 = 0. List the prime factors of z.
7
Suppose -3735 - 825 = -4*v. What are the prime factors of v?
2, 3, 5, 19
Let p = 8 - 4. Let g(q) = -q**3 + 3*q**2 + 5*q - 2. Let o be g(p). Let w = 24 - o. List the prime factors of w.
2, 11
Let q be 46/(-4)*(7 + -1). List the prime factors of q*((-16)/(-9))/(-4)*6.
2, 23
Suppose 2*p - z + 16 - 2 = 0, -5*p + 3*z = 34. Let n(t) = t + 11. Let q be n(p). Suppose 4*f - 40 = -5*k, 2*f = -q*k - f + 27. List the prime factors of k.
2
Let w be 4/(-24) + 92/(-24). What are the prime factors of 20*((-36)/15)/w?
2, 3
Suppose 0 = -x + a, -3*x + a - 3*a = -15. Let d(m) = m - 8. Let h be d(4). List the prime factors of -3 + x - 2 - h.
2
Suppose 1 = -3*t - 4*o - 6, -3*t + 3*o = -21. Let y = t + -3. Suppose y*s - 95 = -5*s. What are the prime factors of s?
19
Suppose 0 = 13*w - 14*w - 6. List the prime factors of -68*2/w*6/8.
17
List the prime factors of (-1)/((-15)/2556)*35/14.
2, 3, 71
Let i be (-6)/3 + 4 - -10. Let k be (-4)/(-4*2/i). What are the prime factors of 52/k + (-4)/6?
2
What are the prime factors of 42/7 + 4655 + 0?
59, 79
List the prime factors of (4 + (-2264)/(-16))*44/3.
2, 11, 97
Let h(o) = 74*o**3 - 7*o**2 + 25*o + 1. What are the prime factors of h(4)?
3, 5, 7
Let c(g) = g**2 - g - 7. Let m be c(4). Suppose -m*p = 2*v - 39, 0*v - 4*p = -v + 52. Suppose -2*l = -0*l - v. What are the prime factors of l?
2
Suppose -x + 180 = -5*f, 5*x + 10 = -3*f + 2*f. Let c = 128 + f. What are the prime factors of c?
3, 31
Suppose 2*r - 151 = -3*a, -2*a + 25 + 69 = -2*r. Let l = -106 + a. List the prime factors of l*(12/(-9))/4.
19
Let l = 1918 + -788. List the prime factors of l.
2, 5, 113
Suppose 12 = 4*o - p, 0 = 7*o - 3*o + 3*p - 28. Suppose 0*d + 2*t = -5*d - 10, 2*d = 2*t - o. List the prime factors of (-282)/(-7) + d/7.
2, 5
Let x(s) = 4*s**2 - 2*s - 2. Let g be x(-2). Suppose -r = -g - 116. What are the prime factors of r?
2, 67
Let d = -172 - -227. What are the prime factors of d?
5, 11
Let f(h) = h**2 + 3*h - 24. Let j be f(4). Suppose 2*q = 4*r - 844, 0*r - j*q - 197 = -r. What are the prime factors of r?
3, 71
Suppose 0 = -4*u - 3*f + 1021, -3*u - 2*u + 5*f + 1320 = 0. Suppose -u = -3*m + 230. List the prime factors of m.
163
Suppose 2*u - 469 = 811. What are the prime factors of u?
2, 5
Let y = -9133 - -13160. List the prime factors of y.
4027
Suppose 7 = 3*b - 2. Suppose -h = -b*h + 4. Suppose -h*s + 5*m = m - 106, -4*m = -5*s + 241. List the prime factors of s.
3, 5
Suppose 6*b - 3*v + 935 = 8*b, -v = -3*b + 1375. What are the prime factors of b?
2, 5, 23
Suppose 673*x + 408 = 679*x. List the prime factors of x.
2, 17
Let y(l) = -l**2 + 8*l - 3. Let x be y(7). Suppose -32 = 5*p - x*p. Let m = -11 - p. What are the prime factors of m?
3, 7
Let i(a) = -a**3 + 15*a**2 + 16*a + 3. Let s be i(16). What are the prime factors of 249*1/s + 4?
3, 29
Let x be (4 - -2)/(-3 + 1). Let d(c) = -4*c. Let o be d(x). Suppose -o*b + 16*b - 20 = 0. What are the prime factors of b?
5
Let r = 33 + -20. L